{"id":73,"date":"2022-08-21T11:04:26","date_gmt":"2022-08-21T09:04:26","guid":{"rendered":"http:\/\/www.exagroove.com\/?page_id=73"},"modified":"2024-08-30T22:25:54","modified_gmt":"2024-08-30T20:25:54","slug":"cheffe-de-choeur","status":"publish","type":"page","link":"https:\/\/www.exagroove.com\/index.php\/cheffe-de-choeur\/","title":{"rendered":"L&rsquo;\u00e9quipe"},"content":{"rendered":"\t\t<div data-elementor-type=\"wp-page\" data-elementor-id=\"73\" class=\"elementor elementor-73\">\n\t\t\t\t\t\t<section class=\"elementor-section elementor-top-section elementor-element elementor-element-13c66924 elementor-section-boxed elementor-section-height-default elementor-section-height-default\" data-id=\"13c66924\" data-element_type=\"section\" data-e-type=\"section\">\n\t\t\t\t\t\t<div class=\"elementor-container elementor-column-gap-default\">\n\t\t\t\t\t<div class=\"elementor-column elementor-col-100 elementor-top-column elementor-element elementor-element-34aad02b\" data-id=\"34aad02b\" data-element_type=\"column\" data-e-type=\"column\">\n\t\t\t<div class=\"elementor-widget-wrap elementor-element-populated\">\n\t\t\t\t\t\t<div class=\"elementor-element elementor-element-b7b0376 elementor-widget elementor-widget-image\" data-id=\"b7b0376\" data-element_type=\"widget\" data-e-type=\"widget\" data-widget_type=\"image.default\">\n\t\t\t\t<div class=\"elementor-widget-container\">\n\t\t\t\t\t\t\t\t\t\t\t\t\t\t\t<img fetchpriority=\"high\" decoding=\"async\" width=\"525\" height=\"660\" src=\"https:\/\/www.exagroove.com\/wp-content\/uploads\/2024\/08\/vivoo-24b-815x1024.jpg\" class=\"attachment-large size-large wp-image-907\" alt=\"\" srcset=\"https:\/\/www.exagroove.com\/wp-content\/uploads\/2024\/08\/vivoo-24b-815x1024.jpg 815w, https:\/\/www.exagroove.com\/wp-content\/uploads\/2024\/08\/vivoo-24b-239x300.jpg 239w, https:\/\/www.exagroove.com\/wp-content\/uploads\/2024\/08\/vivoo-24b-768x965.jpg 768w, https:\/\/www.exagroove.com\/wp-content\/uploads\/2024\/08\/vivoo-24b-1222x1536.jpg 1222w, https:\/\/www.exagroove.com\/wp-content\/uploads\/2024\/08\/vivoo-24b-1629x2048.jpg 1629w, https:\/\/www.exagroove.com\/wp-content\/uploads\/2024\/08\/vivoo-24b-scaled.jpg 2037w\" sizes=\"100vw\" \/>\t\t\t\t\t\t\t\t\t\t\t\t\t\t\t<\/div>\n\t\t\t\t<\/div>\n\t\t\t\t<div class=\"elementor-element elementor-element-5e8198eb elementor-widget elementor-widget-text-editor\" data-id=\"5e8198eb\" data-element_type=\"widget\" data-e-type=\"widget\" data-widget_type=\"text-editor.default\">\n\t\t\t\t<div class=\"elementor-widget-container\">\n\t\t\t\t\t\t\t\t\t\n<h2 class=\"wp-block-heading\">Viviane Kolade<\/h2>\n\n<p>directrice artistique, Cheffe de ch\u0153ur<\/p>\n<p><strong>Bienvenue dans mon univers\u00a0!<\/strong><\/p>\n<p>\u00a0Je suis une artiste pluridisciplinaire. Je suis curieuse et touche \u00e0 tout.\u00a0 La cr\u00e9ativit\u00e9 est au centre de mon chemin de vie.<br \/>Sonore, visuelle, artisanale, instinctive, elle est la source de mon \u00e9quilibre.<\/p>\n<p>\u00a0\u00a0\u00a0 C&rsquo;est une certitude pour moi : l&rsquo;art est accessible \u00e0 tous.\u00a0 Depuis 1997, par le biais d&rsquo;ateliers de chant choral et de loisirs cr\u00e9atifs, j&rsquo;am\u00e8ne les personnes \u00e0 renouer avec leur potentiel artistique. J&rsquo;aide les personnes \u00e0 retrouver l&rsquo;inspiration, cette petite flamme de vie, de mani\u00e8re spontan\u00e9e et intuitive.<br \/><br \/><\/p>\n<p><strong>\u00a0Vibrer pleinement!<\/strong><\/p>\n<p>Ainsi j\u2019accompagne des personnes de tous \u00e2ges et de tous niveaux dans leur d\u00e9sir de mieux se conna\u00eetre, de se r\u00e9v\u00e9ler et lib\u00e9rer leur cr\u00e9ativit\u00e9.\u00a0 Un seul pr\u00e9-requis : \u00eatre pr\u00eat.e \u00e0 se mettre en mouvement, d\u00e9cid\u00e9.e \u00e0 sortir de sa zone de confort et abandonner les carcans qui nous emp\u00eachent de rayonner pleinement.<\/p>\n<p>Toutes vos dimensions seront engag\u00e9es dans cette qu\u00eate : le corps, l\u2019esprit, les mains, la voix&#8230; et l\u2019\u00e2me !<br \/><br \/>Pr\u00eat.e \u00e0 te lancer? <br \/>Nous t&rsquo;attendons!<\/p>\n<p>\u00a0<\/p>\n<p>\u00a0<\/p>\n<p>\u00a0<\/p>\n\t\t\t\t\t\t\t\t<\/div>\n\t\t\t\t<\/div>\n\t\t\t\t\t<\/div>\n\t\t<\/div>\n\t\t\t\t\t<\/div>\n\t\t<\/section>\n\t\t\t\t<\/div>\n\t\t","protected":false},"excerpt":{"rendered":"<p>Viviane Kolade directrice artistique, Cheffe de ch\u0153ur Bienvenue dans mon univers\u00a0! \u00a0Je suis une artiste pluridisciplinaire. Je suis curieuse et touche \u00e0 tout.\u00a0 La cr\u00e9ativit\u00e9 est au centre de mon chemin de vie.Sonore, visuelle, artisanale, instinctive, elle est la source de mon \u00e9quilibre. \u00a0\u00a0\u00a0 C&rsquo;est une certitude pour moi : l&rsquo;art est accessible \u00e0 tous.\u00a0 &hellip; <\/p>\n<p class=\"link-more\"><a href=\"https:\/\/www.exagroove.com\/index.php\/cheffe-de-choeur\/\" class=\"more-link\">Continuer la lecture<span class=\"screen-reader-text\"> de &laquo;&nbsp;L&rsquo;\u00e9quipe&nbsp;&raquo;<\/span><\/a><\/p>\n","protected":false},"author":1,"featured_media":0,"parent":0,"menu_order":0,"comment_status":"closed","ping_status":"closed","template":"","meta":{"footnotes":""},"class_list":["post-73","page","type-page","status-publish","hentry"],"_links":{"self":[{"href":"https:\/\/www.exagroove.com\/index.php\/wp-json\/wp\/v2\/pages\/73","targetHints":{"allow":["GET"]}}],"collection":[{"href":"https:\/\/www.exagroove.com\/index.php\/wp-json\/wp\/v2\/pages"}],"about":[{"href":"https:\/\/www.exagroove.com\/index.php\/wp-json\/wp\/v2\/types\/page"}],"author":[{"embeddable":true,"href":"https:\/\/www.exagroove.com\/index.php\/wp-json\/wp\/v2\/users\/1"}],"replies":[{"embeddable":true,"href":"https:\/\/www.exagroove.com\/index.php\/wp-json\/wp\/v2\/comments?post=73"}],"version-history":[{"count":17,"href":"https:\/\/www.exagroove.com\/index.php\/wp-json\/wp\/v2\/pages\/73\/revisions"}],"predecessor-version":[{"id":910,"href":"https:\/\/www.exagroove.com\/index.php\/wp-json\/wp\/v2\/pages\/73\/revisions\/910"}],"wp:attachment":[{"href":"https:\/\/www.exagroove.com\/index.php\/wp-json\/wp\/v2\/media?parent=73"}],"curies":[{"name":"wp","href":"https:\/\/api.w.org\/{rel}","templated":true}]}}